) be the first derivative of d**3/3 - 3*d**2/2 + 3*d + 5. Let c be n(5). Suppose 0 = -4*y + 97 - c. What is the tens digit of y?
2
Let a be 2/3 + (-4 - (-40)/12). Suppose a = -7*b + 9*b - 306. What is the tens digit of b?
5
Let g be (-2)/(-2)*0 + -1. Let x(n) = 17*n**3 - n**2 - n. Let d be x(g). Let w = d - -24. What is the units digit of w?
7
Suppose -4*k = 3*k + 2*k. Suppose -m - 2*m = k, -4*m + 140 = 2*t. What is the units digit of t?
0
What is the thousands digit of -6 + (8/4)/((-4)/(-3162))?
1
Suppose -6*m + 4*m = 4, -2*m - 14 = -2*v. Suppose -s = 3*l - 3, -s = s + v*l - 3. Let y = s + 30. What is the tens digit of y?
2
Let d = -113 + 234. Suppose -3*u = -d + 4. What is the tens digit of u?
3
Let f(v) = -v**3 + 44*v**2 - 88*v - 57. What is the tens digit of f(41)?
7
Suppose -12*f - 3610 = -17*f - 5*m, 3*f - 2*m - 2166 = 0. What is the units digit of f?
2
Suppose 3*i + 21 = 2*l, 3*i + 0*i - 15 = -2*l. Suppose 12*m = l*m. Suppose m = 9*w - 5*w - 24. What is the units digit of w?
6
Suppose -14*a = -8007 - 14337. What is the thousands digit of a?
1
Let c = -2 - -15. Let j = c - 12. Suppose -4*q + j = -3*q. What is the units digit of q?
1
Let o be -13 + 16 + 1 + -1. Let a = 24 + -18. What is the units digit of (o/a)/(3/204)?
4
Suppose 0 = -4*b + 111 + 33. Let t = b + -2. What is the units digit of 3 - (t - -2)/(-2)?
1
Suppose 9 = 2*i - 3*s, -4*s - 1 = 2*i - i. Let g = 64 + i. What is the units digit of g?
7
Let p = -23 + 21. What is the units digit of p/((8/(-12))/2)?
6
Suppose -d = -0*d - 2. Suppose w - 20 = d*s + 12, 0 = 5*s. Suppose 1 = -a + w. What is the tens digit of a?
3
Suppose 3*n = 3*p - 1239 + 207, 5*n - 356 = -p. What is the units digit of p?
6
Suppose -4*u = 173 - 805. What is the hundreds digit of u?
1
Let i = -9 + 19. Suppose -3*j = -i*j - 42. Let x = j - -25. What is the units digit of x?
9
Let r(m) = m + 9. Let q be r(8). Let y be -3 - (q + -4 + 2). What is the units digit of 319/99 - (-4)/y?
3
Let q = -11 + 22. Let s be (6 + -4 + 15/(-12))*24. Let g = s + q. What is the units digit of g?
9
Let v be 0 - 0 - (5 + -57). Suppose 0*l + l - v = 0. Suppose f = -2*r + 6, -2 = -4*f + 2*r + l. What is the tens digit of f?
1
Let r = 74 - 110. Let y = r - -91. What is the units digit of y?
5
What is the hundreds digit of (12754/(-21))/(11/(-3) - -3)?
9
Let p = -51 + 50. What is the tens digit of 24 - (9 - p)/5?
2
Suppose g = -0*g + 57. Suppose -f - 3*s - 96 = 2*f, 3*f - 3*s + 96 = 0. Let q = g + f. What is the tens digit of q?
2
Suppose 3*b - 248 = -u, -4*b + 0*b + 327 = 5*u. Let z(h) = -h**3 - 7*h**2 - 11*h - 60. Let j be z(-6). Let r = b + j. What is the units digit of r?
3
Let g be 2/8 - 44/(-16). Suppose 0*w = f + g*w - 117, -528 = -5*f + 4*w. What is the hundreds digit of f?
1
Suppose -5*f + q = -23454, -14062 = 2*f - 5*f - 2*q. What is the units digit of f?
0
Let j = -41 - -27. Let t(g) = -g**3 - 15*g**2 - 18*g - 18. What is the units digit of t(j)?
8
Suppose -5 = 5*i, 17*i + 1037 = 2*w + 12*i. What is the units digit of w?
6
Let t be (-4)/(-5)*(-2 + -3). Let x be (-3)/(-2) + (-96)/64. Let c = x - t. What is the units digit of c?
4
Let i be -13*(0/2 - -1). Let s = i + 13. Suppose -3*p - 25 + 163 = s. What is the tens digit of p?
4
Let a = -186 + 225. What is the units digit of a?
9
Let n(v) = 9*v - 49. What is the hundreds digit of n(31)?
2
Let j(q) = -q**3 - 6*q**2 - 4*q - 4. What is the units digit of j(-10)?
6
Suppose 9478 = 12*w - 7310. What is the units digit of w?
9
Let g be 10/(1 + (-12)/16). Suppose -2*s - 5*y - g = -187, 3*s - 173 = 2*y. What is the tens digit of s?
6
Suppose 0 = -3*o + 3556 - 910. What is the hundreds digit of o?
8
Let p be ((-1)/(-1))/((-464)/155 + 3). Let g = p + -98. What is the units digit of g?
7
What is the units digit of (-39)/52 - (-1315)/4?
8
Let u = 95 + -89. What is the units digit of u?
6
What is the hundreds digit of (-51 + -5 + 3/(-6))*-12?
6
What is the units digit of 6 - (-278 + 14/(-2))?
1
Let p(h) = -2*h**3 + h**2 + h. Let o be p(-1). Suppose -k = u + 3*u - 426, 2*k - 210 = -o*u. What is the units digit of u?
7
Suppose -r - 12 = -4*r. Suppose r*u + 322 = 3*u. What is the units digit of 4/(-20) - u/10?
2
Let r(b) = -b**3 + 12*b**2 + 5*b + 8. Let t be r(15). What is the units digit of t/(-12) - 2/(-3)?
0
Let v(o) = -15*o - 7. Let i(s) = 13*s + 6. Let n(t) = -7*i(t) - 6*v(t). Let b = -7 - -1. What is the units digit of n(b)?
6
Let s be 4 - (-4 - -9)*1. Let d(h) = -44*h - 3. What is the units digit of d(s)?
1
Let r = 78 + 4103. What is the hundreds digit of r?
1
Let l(s) = -s**2 + 4*s - 7. Let f be l(6). Let o = 21 + f. What is the units digit of o?
2
Let t = -1110 - -2660. What is the hundreds digit of t?
5
Suppose -9*p + 9571 = -6*p + 4*t, 2*t = -5*p + 15933. What is the thousands digit of p?
3
Suppose p = -c - 2 + 7, -5*c - 3*p = -19. Suppose -c*n = 96 - 354. What is the units digit of n?
9
Suppose 8*h = 2*h - 6. What is the units digit of (3 + h)*(-1 - (-62)/4)?
9
Let t(j) = -j**3 + 7*j**2 + 3*j + 10. Let b be t(7). Suppose 3*i = 119 + b. What is the units digit of i?
0
Let t = 77 - 74. Suppose -6*l = -t*l - 246. What is the tens digit of l?
8
Suppose -3*w - 303 - 351 = 0. What is the hundreds digit of (4/(-8))/((-217)/w + -1)?
1
Suppose -7*i + 318 + 81 = 0. Let y be (i/(-19))/(3/(-28)). Let t = 29 - y. What is the units digit of t?
1
Suppose -5*u + 10 = 0, -2*d - 3*u + 37 = -35. What is the tens digit of (-671)/d*(0 - 3)?
6
Suppose g + 97 - 12 = 0. Let v = -74 - g. What is the units digit of v?
1
Let x(h) = -h**3 + h + 2. Let b be x(0). Let w be -1 - 1/((-2)/b). Suppose w = -2*v - 0*v - 2*s + 58, v + 5*s - 41 = 0. What is the units digit of v?
6
Suppose 0 = -2*g + 6*g - 24. What is the hundreds digit of ((-904)/12)/((-4)/g)?
1
What is the units digit of -1 + 5/4 + (-6840)/(-32)?
4
What is the hundreds digit of 2/6*(1255 - -2)?
4
Suppose 5*u = 2*b + 4, 2*u + 4*b + 4 = -4. Let j be (42/(-8) - -2)/((-51)/1836). Suppose 2*d - j - 25 = u. What is the units digit of d?
1
Suppose 67950 = 17*h + 8*h. What is the thousands digit of h?
2
Let z(r) = 2*r**2 - 25*r - 5. What is the hundreds digit of z(25)?
6
What is the hundreds digit of 5/(-10) + -1006*(-4)/16?
2
Suppose -4*o - 32 = -2*o. Let k = 25 + o. Let h(w) = w**3 - 10*w**2 + 13*w - 11. What is the tens digit of h(k)?
2
Let v(h) = h**2 - h + 55. Let d be v(0). Suppose 44 + d = 3*f. What is the tens digit of f?
3
Let o = 40 - -46. Suppose 5*w + t - o = 3*t, -4*w - 4*t = -80. What is the tens digit of w?
1
Suppose 0 = 4*o + 4*h - 880, -4*o + 2*h = 4*h - 884. What is the units digit of o?
2
Suppose c = -4*z + 23, -6*c = -11*c - 5. What is the units digit of z?
6
Suppose 4*x + 2*c = 9*x - 19347, -3*c = -2*x + 7741. What is the units digit of x?
9
Let h(n) = -30*n - 19. What is the units digit of h(-6)?
1
Let a be (0 - -6)/3 - 25. Let r = -19 - a. Suppose 86 = r*d - 30. What is the tens digit of d?
2
Suppose 5*t - o = -1766 - 67, -5*o = t + 351. Let y = t + 158. What is the tens digit of (15/(-10))/(6/y)?
5
Let a be ((-6)/15)/((-7)/4025). Suppose -a + 46 = -4*t. What is the units digit of t?
6
Let k(b) = -188*b - 61. What is the tens digit of k(-3)?
0
Suppose -35745 = -33*q + 13029. What is the hundreds digit of q?
4
Suppose 5496 = -5*q + 13*q. What is the units digit of q?
7
Suppose 119654 - 34280 = 27*w. What is the thousands digit of w?
3
Suppose -5*m + m = 0. Suppose -5 = n, -93*b + 4*n = -88*b - 35. Suppose m = -b*j + 128 + 109. What is the tens digit of j?
7
Suppose -11*h = -28*h + 1564. What is the units digit of h?
2
Suppose 11 + 1 = 6*c. Suppose -103 = -c*k + 4*m + 219, 3*k = 5*m + 488. What is the hundreds digit of k?
1
Suppose -11*p - 522 = -17*p. Suppose 5*z = -52 + p. What is the units digit of z?
7
Let v(y) = 52*y - 7. Let n be v(6). Suppose n = -3*a + 5*a - 5*z, -3*a - 3*z + 405 = 0. Suppose -s - 3*s + a = 0. What is the units digit of s?
5
Let f = -14 - -17. Suppose f*z = z + 38. Suppose -5*q = z - 94. What is the tens digit of q?
1
Let b = -3 + 6. Let m(i) = -2 - b*i + 19*i - 3 + 8*i. What is the tens digit of m(2)?
4
What is the hundreds digit of 2*(-10)/(-2) - -2138?
1
What is the tens digit of (1272/265)/((-4)/(-1210))?
5
Let s(a) = a**2 - 2*a + 15. Let b be ((-10)/(-6))/((-2)/(-6)). Let o(m) = -m**2 + m - 16. Let t(w) = b